{"id":86,"date":"2023-01-07T00:01:04","date_gmt":"2023-01-06T23:01:04","guid":{"rendered":"https:\/\/slagrklub.cz\/?page_id=86"},"modified":"2023-01-11T09:19:42","modified_gmt":"2023-01-11T08:19:42","slug":"objednavky","status":"publish","type":"page","link":"https:\/\/slagrklub.cz\/?page_id=86","title":{"rendered":"Objedn\u00e1vky"},"content":{"rendered":"\t\t<div data-elementor-type=\"wp-page\" data-elementor-id=\"86\" class=\"elementor elementor-86\">\n\t\t\t\t\t\t<section class=\"elementor-section elementor-top-section elementor-element elementor-element-3917566 elementor-section-boxed elementor-section-height-default elementor-section-height-default\" data-id=\"3917566\" data-element_type=\"section\" data-e-type=\"section\" data-settings=\"{&quot;background_background&quot;:&quot;classic&quot;}\">\n\t\t\t\t\t\t<div class=\"elementor-container elementor-column-gap-default\">\n\t\t\t\t\t<div class=\"elementor-column elementor-col-66 elementor-top-column elementor-element elementor-element-a7837c2\" data-id=\"a7837c2\" data-element_type=\"column\" data-e-type=\"column\">\n\t\t\t<div class=\"elementor-widget-wrap elementor-element-populated\">\n\t\t\t\t\t\t<div class=\"elementor-element elementor-element-3bd2e17 elementor-widget elementor-widget-heading\" data-id=\"3bd2e17\" data-element_type=\"widget\" data-e-type=\"widget\" data-widget_type=\"heading.default\">\n\t\t\t\t<div class=\"elementor-widget-container\">\n\t\t\t\t\t<h2 class=\"elementor-heading-title elementor-size-default\">Pro\u010d se st\u00e1t akcion\u00e1\u0159em<\/h2>\t\t\t\t<\/div>\n\t\t\t\t<\/div>\n\t\t\t\t<div class=\"elementor-element elementor-element-5ce614d elementor-widget elementor-widget-text-editor\" data-id=\"5ce614d\" data-element_type=\"widget\" data-e-type=\"widget\" data-widget_type=\"text-editor.default\">\n\t\t\t\t<div class=\"elementor-widget-container\">\n\t\t\t\t\t\t\t\t\t<p>Tato akciov\u00e1 spole\u010dnost spravuje v\u0161e, co Karel Peterka vr\u00e1mci hudebn\u00edho fondu nashrom\u00e1\u017edil. Ji\u017e tehdy si v\u0161imnul, \u017ee je tady v \u00e9teru oby\u010dejn\u00e1 muzika, kterou se bav\u00ed oby\u010dejn\u00ed lid\u00e9 na oby\u010dejn\u00fdch m\u00edstech, a jeliko\u017e byl muzikant a v\u011bd\u011bl, co je nahr\u00e1vac\u00ed studio, za\u010dal ji zaznamen\u00e1vat. A t\u00edm vzniknul \u00fa\u017easn\u00fd poklad. M\u00e1 nesm\u00edrnou hodnotu, vlo\u017eili jsme do n\u011bj drahokamy v podob\u011b audio a video p\u00edsni\u010dek, a jeho jedna t\u0159etina, kterou jsme nechali ohodit, byla stanovena na 250 milion\u016f korun.\u201c<\/p>\t\t\t\t\t\t\t\t<\/div>\n\t\t\t\t<\/div>\n\t\t\t\t<div class=\"elementor-element elementor-element-bc71ee4 elementor-widget elementor-widget-gallery\" data-id=\"bc71ee4\" data-element_type=\"widget\" data-e-type=\"widget\" data-widget_type=\"gallery.default\">\n\t\t\t\t<div class=\"elementor-widget-container\">\n\t\t\t\t\t \t\t\t\t<\/div>\n\t\t\t\t<\/div>\n\t\t\t\t<div class=\"elementor-element elementor-element-aad0605 elementor-widget elementor-widget-text-editor\" data-id=\"aad0605\" data-element_type=\"widget\" data-e-type=\"widget\" data-widget_type=\"text-editor.default\">\n\t\t\t\t<div class=\"elementor-widget-container\">\n\t\t\t\t\t\t\t\t\t<p>A pr\u00e1v\u011b tato \u010d\u00e1stka je bohatstv\u00edm, kter\u00e9 lze p\u0159ev\u00e9st na akcie a ty si m\u016f\u017eete zakoupit. T\u00edmto krokem nejen\u017ee dob\u0159e zhodnot\u00edte sv\u00e9 finance, ale pom\u016f\u017eete t\u00edm i n\u00e1m, abychom mohli i nad\u00e1le vyr\u00e1b\u011bt a produkovat po\u0159ady a takov\u00fd programov\u00fd obsah, kter\u00fd v\u00e1s bude bavit a d\u011blat v\u00e1m radost. Svou investic\u00ed rozv\u00edj\u00edte celou televizi. Jak v\u00edte, na pen\u00edze z reklamy nedos\u00e1hneme, proto\u017ee n\u00e1s mezi sebe ti velc\u00ed hr\u00e1\u010di na televizn\u00edm trhu nepust\u00ed, a tak se mus\u00edme sna\u017eit sami. Ka\u017ed\u00e9 prodan\u00e9 CD, ka\u017ed\u00fd komplet, tento \u010dasopis nebo akcie n\u00e1m pom\u00e1h\u00e1 p\u0159e\u017e\u00edt a udr\u017eet v chodu \u0160l\u00e1gr, kter\u00fd m\u00e1me v\u0161ichni tolik r\u00e1di. <\/p>\t\t\t\t\t\t\t\t<\/div>\n\t\t\t\t<\/div>\n\t\t\t\t\t<\/div>\n\t\t<\/div>\n\t\t\t\t<div class=\"elementor-column elementor-col-33 elementor-top-column elementor-element elementor-element-e844730\" data-id=\"e844730\" data-element_type=\"column\" data-e-type=\"column\">\n\t\t\t<div class=\"elementor-widget-wrap elementor-element-populated\">\n\t\t\t\t\t\t<div class=\"elementor-element elementor-element-67982b9 elementor-widget elementor-widget-html\" data-id=\"67982b9\" data-element_type=\"widget\" data-e-type=\"widget\" data-widget_type=\"html.default\">\n\t\t\t\t<div class=\"elementor-widget-container\">\n\t\t\t\t\t<script src=\"https:\/\/se-forms.cz\/\/public\/web-forms-v2\/subscribe\/142090-rdex9j32zlyxsxj0zxeb97c6r1jimuppqtq17uc7bt20ona2nthv9r7oycxdh872ojol1f77sf57u3fc19winirpzmkmsjphilha\" id=\"se-webformScriptLoader-142090-rdex9j32zlyxsxj0zxeb97c6r1jimuppqtq17uc7bt20ona2nthv9r7oycxdh872ojol1f77sf57u3fc19winirpzmkmsjphilha\" async defer><\/script>\n\t\t\t\t<\/div>\n\t\t\t\t<\/div>\n\t\t\t\t\t<\/div>\n\t\t<\/div>\n\t\t\t\t\t<\/div>\n\t\t<\/section>\n\t\t\t\t<section class=\"elementor-section elementor-top-section elementor-element elementor-element-791e2fa elementor-section-boxed elementor-section-height-default elementor-section-height-default\" data-id=\"791e2fa\" data-element_type=\"section\" data-e-type=\"section\">\n\t\t\t\t\t\t<div class=\"elementor-container elementor-column-gap-default\">\n\t\t\t\t\t<div class=\"elementor-column elementor-col-100 elementor-top-column elementor-element elementor-element-c004639\" data-id=\"c004639\" data-element_type=\"column\" data-e-type=\"column\">\n\t\t\t<div class=\"elementor-widget-wrap\">\n\t\t\t\t\t\t\t<\/div>\n\t\t<\/div>\n\t\t\t\t\t<\/div>\n\t\t<\/section>\n\t\t\t\t<\/div>\n\t\t","protected":false},"excerpt":{"rendered":"<p>Pro\u010d se st\u00e1t akcion\u00e1\u0159em Tato akciov\u00e1 spole\u010dnost spravuje v\u0161e, co Karel Peterka vr\u00e1mci hudebn\u00edho fondu nashrom\u00e1\u017edil. Ji\u017e tehdy si v\u0161imnul, \u017ee je tady v \u00e9teru oby\u010dejn\u00e1 muzika, kterou se bav\u00ed oby\u010dejn\u00ed lid\u00e9 na oby\u010dejn\u00fdch m\u00edstech, a jeliko\u017e byl muzikant a v\u011bd\u011bl, co je nahr\u00e1vac\u00ed studio, za\u010dal ji zaznamen\u00e1vat. A t\u00edm vzniknul \u00fa\u017easn\u00fd poklad. M\u00e1 nesm\u00edrnou [&hellip;]<\/p>\n","protected":false},"author":2,"featured_media":0,"parent":0,"menu_order":0,"comment_status":"closed","ping_status":"closed","template":"","meta":{"site-sidebar-layout":"no-sidebar","site-content-layout":"page-builder","ast-site-content-layout":"default","site-content-style":"default","site-sidebar-style":"default","ast-global-header-display":"","ast-banner-title-visibility":"","ast-main-header-display":"","ast-hfb-above-header-display":"","ast-hfb-below-header-display":"","ast-hfb-mobile-header-display":"","site-post-title":"disabled","ast-breadcrumbs-content":"","ast-featured-img":"disabled","footer-sml-layout":"","ast-disable-related-posts":"","theme-transparent-header-meta":"","adv-header-id-meta":"","stick-header-meta":"","header-above-stick-meta":"","header-main-stick-meta":"","header-below-stick-meta":"","astra-migrate-meta-layouts":"default","ast-page-background-enabled":"default","ast-page-background-meta":{"desktop":{"background-color":"var(--ast-global-color-4)","background-image":"","background-repeat":"repeat","background-position":"center center","background-size":"auto","background-attachment":"scroll","background-type":"","background-media":"","overlay-type":"","overlay-color":"","overlay-opacity":"","overlay-gradient":""},"tablet":{"background-color":"","background-image":"","background-repeat":"repeat","background-position":"center center","background-size":"auto","background-attachment":"scroll","background-type":"","background-media":"","overlay-type":"","overlay-color":"","overlay-opacity":"","overlay-gradient":""},"mobile":{"background-color":"","background-image":"","background-repeat":"repeat","background-position":"center center","background-size":"auto","background-attachment":"scroll","background-type":"","background-media":"","overlay-type":"","overlay-color":"","overlay-opacity":"","overlay-gradient":""}},"ast-content-background-meta":{"desktop":{"background-color":"var(--ast-global-color-5)","background-image":"","background-repeat":"repeat","background-position":"center center","background-size":"auto","background-attachment":"scroll","background-type":"","background-media":"","overlay-type":"","overlay-color":"","overlay-opacity":"","overlay-gradient":""},"tablet":{"background-color":"var(--ast-global-color-5)","background-image":"","background-repeat":"repeat","background-position":"center center","background-size":"auto","background-attachment":"scroll","background-type":"","background-media":"","overlay-type":"","overlay-color":"","overlay-opacity":"","overlay-gradient":""},"mobile":{"background-color":"var(--ast-global-color-5)","background-image":"","background-repeat":"repeat","background-position":"center center","background-size":"auto","background-attachment":"scroll","background-type":"","background-media":"","overlay-type":"","overlay-color":"","overlay-opacity":"","overlay-gradient":""}},"footnotes":""},"class_list":["post-86","page","type-page","status-publish","hentry"],"_links":{"self":[{"href":"https:\/\/slagrklub.cz\/index.php?rest_route=\/wp\/v2\/pages\/86","targetHints":{"allow":["GET"]}}],"collection":[{"href":"https:\/\/slagrklub.cz\/index.php?rest_route=\/wp\/v2\/pages"}],"about":[{"href":"https:\/\/slagrklub.cz\/index.php?rest_route=\/wp\/v2\/types\/page"}],"author":[{"embeddable":true,"href":"https:\/\/slagrklub.cz\/index.php?rest_route=\/wp\/v2\/users\/2"}],"replies":[{"embeddable":true,"href":"https:\/\/slagrklub.cz\/index.php?rest_route=%2Fwp%2Fv2%2Fcomments&post=86"}],"version-history":[{"count":52,"href":"https:\/\/slagrklub.cz\/index.php?rest_route=\/wp\/v2\/pages\/86\/revisions"}],"predecessor-version":[{"id":555,"href":"https:\/\/slagrklub.cz\/index.php?rest_route=\/wp\/v2\/pages\/86\/revisions\/555"}],"wp:attachment":[{"href":"https:\/\/slagrklub.cz\/index.php?rest_route=%2Fwp%2Fv2%2Fmedia&parent=86"}],"curies":[{"name":"wp","href":"https:\/\/api.w.org\/{rel}","templated":true}]}}